1. Let z be l(8). Suppose -z*j = -c*j - 448. Calculate the greatest common factor of 32 and j.
32
Suppose 72 = 4*w - 4*y - 40, -4*w + 114 = -5*y. Calculate the greatest common divisor of 65 and w.
13
Let r(k) = -3*k - 7. Let w be r(-5). Let l(a) = a**3 - 5*a**2 - 9*a - 15. Let t be l(w). Calculate the highest common factor of t and 42.
21
Suppose 5*j - m - 17 = 0, 2*j - 3*m = 2*m - 7. Suppose -j*b = h - 214, 4*h - 2*b + b = 839. What is the greatest common factor of h and 21?
21
Suppose 9*i - 12*i + 99 = 0. Suppose -40 = i*b - 37*b. Suppose 7*o - 2*o = -3*c + 14, -5*c + 2 = 3*o. Calculate the greatest common factor of o and b.
2
Let b = 489 - -200. What is the greatest common divisor of 53 and b?
53
Suppose -990 = -10*x + 5*x. Suppose 13*d - x = 36. Calculate the highest common divisor of 18 and d.
18
Let s(m) = -5*m - 11. Let g be s(-5). Let k = 20 + -16. Suppose -3*i + k*f + 68 = -f, 2*i = 5*f + 47. What is the highest common divisor of g and i?
7
Let v(z) = 2*z**2 + 5*z + 2. Let s be v(-11). Let f = -49 + 70. What is the highest common factor of s and f?
21
Let j be 3/6 + 4/(-8)*-1507. Calculate the greatest common factor of j and 58.
58
Suppose 5*q - 2*w = 98, -365*w - 82 = -5*q - 367*w. What is the greatest common divisor of 50 and q?
2
Let b(j) = -j**3 + j**2 + j + 23. Let n be b(0). Suppose -v + 461 = 5*r, -2*r + 3*v = -3*r + 95. What is the highest common factor of n and r?
23
Suppose -77*v = -75*v + 600. Let u = v + 436. Calculate the highest common factor of 17 and u.
17
Let s be 2 + 5/((-15)/(-12)). Let j be (-32)/8 - s*-3. Suppose -t + 1 = -k - 17, -4 = k. Calculate the highest common divisor of j and t.
14
Suppose 0 = -20*l + 15*l - 740. Let a = -131 - l. Calculate the greatest common factor of a and 187.
17
Let l = 72 + -69. Suppose -h + 21 = l*s, 2*h - 3*h + 27 = 4*s. Calculate the greatest common factor of s and 4.
2
Let b be (-42)/(-2) - (2 + -5). Let j(r) = 6*r**2 + 3*r + 2. Let g be j(-2). Let k = b - g. Calculate the highest common factor of 2 and k.
2
Let k be 4 + 49 + 2/2. Let i = 42 + -6. What is the greatest common divisor of k and i?
18
Let b be (-3 - 14/(-4))*8. What is the greatest common factor of 6 and b?
2
Let l be 42*-1*2/(-4). Suppose -3*x - 35 = 3*t - 5, 4*x = 0. Let b(a) = -16*a + 8. Let c be b(t). What is the highest common divisor of c and l?
21
Let k be (16644/24)/(1/2). What is the highest common divisor of k and 73?
73
Let o(k) = -65*k - 233. Let t be o(-9). What is the highest common factor of t and 22?
22
Suppose -4*r = -34 + 2. Let j(d) = -d**3 + 8*d**2 + 6*d + 4. Let c be j(r). What is the highest common divisor of 13 and c?
13
Let m = 1838 - 1806. Suppose -2*a + 265 = -183. What is the highest common divisor of a and m?
32
Let p be 57 - ((-49)/(-28) + 6/(-8)). Let m = p + -42. Calculate the greatest common divisor of m and 21.
7
Let b(h) = 19*h**2 + h. Let x be b(1). Let n = 166 + -161. What is the greatest common divisor of n and x?
5
Let v(r) = -r**3 - 2*r**2 + r + 239. Let y be v(0). Let c = y + -109. Calculate the greatest common factor of c and 52.
26
Let u = -76 - -101. What is the highest common factor of 1 and u?
1
Let w be (-2 - -2) + 2 - -2. Let a be (w/2)/((-1)/5). Let g(f) = -f**3 - 11*f**2 - 13*f - 4. Let b be g(a). Calculate the greatest common factor of 39 and b.
13
Suppose -118 = -5*j - g, 4*j - 5*g = -g + 80. Calculate the highest common factor of 529 and j.
23
Let g be 3 - -4 - (-11 + 15). What is the highest common divisor of g and 9?
3
Let m(a) = 2*a**2 + 10*a + 4. Let y be m(-5). Suppose 5*l = j + 8, -y*j = -2*l + 8 - 48. Let f = 6 + -4. What is the greatest common divisor of f and j?
2
Let v = 823 - 358. Let w = v + -322. Let k(t) = -t**3 + 4*t**2 + 2*t - 2. Let m be k(3). Calculate the highest common divisor of w and m.
13
Let z = 76 + -71. Suppose -z*s = -2*d - 198, 2*d + 158 = 4*s - 0*s. Calculate the highest common factor of 140 and s.
20
Suppose -148 + 228 = 5*j. Suppose -2*f - 2*f + j = 0, -f - 44 = -2*m. What is the highest common factor of m and 24?
24
Suppose 2*j - 24 = -p + 33, 5*j = -20. Calculate the highest common factor of p and 13.
13
Let d = -188 + 244. Let s = -131 - -271. Calculate the highest common factor of s and d.
28
Let t be (-2)/(-8) + 102/8. Let j be -31*t - (2 - 2). Let l be (-3)/4 + j/(-4). What is the highest common factor of 20 and l?
20
Suppose -2*g + s + 8 = -49, 75 = 2*g + 5*s. What is the greatest common factor of 20 and g?
10
Suppose -2*m + 38 = -160. Let w = -89 + m. Calculate the highest common factor of 8 and w.
2
Let r(g) = g + 261. Let n = 17 - 15. Let l be 34/(-85) + n/5. Let t be r(l). Calculate the greatest common divisor of 29 and t.
29
Let y be ((-44400)/28)/(-5)*(6 + 1). What is the highest common divisor of y and 60?
60
Suppose -54 = 2*x - 76. Suppose -x*g - 47 = -157. Calculate the highest common divisor of 90 and g.
10
Let v(t) = -t**2 - 19*t - 37. Let g be v(-18). Let k = g - -32. Calculate the greatest common factor of k and 104.
13
Let h be 4/(-1) + 6 + 2. Suppose 0 = 2*f - f - 2*v + 2, -f = -3*v + h. Let l be 114/7 - f/7. What is the highest common factor of 40 and l?
8
Suppose -3*c - 1 = z - 46, 0 = -4*c + z + 67. Calculate the greatest common divisor of 1 and c.
1
Let i = 289 + -68. What is the highest common divisor of 34 and i?
17
Let t be (-2)/(4/34*-1) - 4. Let v(o) = 4*o - 38. Let f be v(t). What is the greatest common divisor of 154 and f?
14
Let n be 36/20 - (-4 + 57/15). Calculate the highest common divisor of 36 and n.
2
Let b(v) = -v**3 + 4*v**2 + 20*v - 32. Let p be b(6). Calculate the greatest common factor of 1232 and p.
16
Let i be (-10)/(-4) - (4 - (-42)/(-12)). Suppose i*p - 26 = 18. What is the greatest common divisor of p and 2?
2
Suppose 4*s = -12, 4*u = 4*s - 653 + 225. Let c be 163/11 - 20/u. Let h be -1 - -2 - 104*-1. What is the greatest common divisor of h and c?
15
Let h be (3/2)/((-6)/(-8)). Let n be (-8)/3 + 4 + (-23)/(-3). Let y be (-3)/6*-6 + 2 + n. Calculate the highest common factor of y and h.
2
Let q = 136 - 110. Calculate the highest common factor of 208 and q.
26
Let v(m) = -m**3 - 8 + 3*m - 14 + 11*m**2 - 5. Let w be v(11). What is the highest common factor of w and 6?
6
Let p be (-100)/2*95/(-38). What is the greatest common divisor of 50 and p?
25
Let m = -612 - -712. Calculate the highest common factor of m and 8.
4
Let w(y) = -76 + 3*y + y**3 + 89 - 9*y - 5*y**2. Let v be w(6). Calculate the highest common divisor of v and 26.
13
Let o = 16 + -1. Let z be 22/5 + (-6)/o. Let t(q) = q**3 + 10*q**2 + 4*q - 13. Let u be t(-9). What is the greatest common divisor of u and z?
4
Suppose -3*n + 5*f + 458 = 0, -n - 99*f + 146 = -104*f. Calculate the greatest common factor of n and 2028.
156
Let x(p) = 120*p - 551. Let h be x(5). Calculate the greatest common divisor of h and 539.
49
Suppose 3*q = 3*t + 84, -4*t + 4*q - 137 = 5*q. Let c be (t/55)/((-1)/705). What is the highest common divisor of 47 and c?
47
Let i(t) = -t**3 + t**2 + 8*t + 5. Let o be i(4). Let f be 43/(-4) + (-1)/4. Let z be (-1230)/o + (-2)/f. What is the greatest common factor of z and 16?
16
Let y be (3 + (-2)/(-3))*-3. Let u = y - -13. Suppose -5*x = -u*s - 142, 4*s + 93 = 3*x + 19. What is the greatest common divisor of x and 10?
10
Let k(j) = 2*j**2 - j + 1. Let y be k(1). Let o be 6/(-12)*1*-36. Calculate the greatest common divisor of y and o.
2
Let j be (2/6)/(4/48). Suppose 2*o = h - 26, 3*h = -3*o + j*o + 63. Calculate the highest common factor of h and 40.
20
Suppose -5*y + 3*y = 0. Suppose -5*j - 5*z - 45 = 0, 0 = -5*j - y*j - 2*z - 33. Let t = j - -9. What is the greatest common divisor of 4 and t?
4
Let v(d) = 12*d**2 + d - 1. Let m be v(1). Let n be 32/((18/12)/(45/m)). Let c = 68 + -36. What is the highest common factor of n and c?
16
Let p(v) = 2*v**2 - 14. Let k be p(4). Let l(u) = -2*u**3 - 5*u**2 + u + 1. Let a be l(-4). Calculate the highest common divisor of k and a.
9
Let i(v) = 2*v**3 + 5*v**2 - 7*v + 91. Let d be i(7). Calculate the greatest common divisor of 7 and d.
7
Suppose -6*b - 40 = -b. Let x be (-5 + b/(-3))/((-1)/15). Calculate the highest common divisor of 70 and x.
35
Suppose 0 = 64*f - 0*f - 36864. What is the highest common factor of f and 128?
64
Suppose 184*v - 679 = -5*t + 187*v, -